{"id":383,"date":"2021-07-27T17:00:34","date_gmt":"2021-07-27T15:00:34","guid":{"rendered":"https:\/\/biotimarrons.org\/?page_id=383"},"modified":"2026-04-19T00:05:31","modified_gmt":"2026-04-18T22:05:31","slug":"fonctionnement","status":"publish","type":"page","link":"https:\/\/biotimarrons.org\/index.php\/fonctionnement\/","title":{"rendered":"Fonctionnement"},"content":{"rendered":"\t\t<div data-elementor-type=\"wp-page\" data-elementor-id=\"383\" class=\"elementor elementor-383\">\n\t\t\t\t\t\t<section class=\"elementor-section elementor-top-section elementor-element elementor-element-a4eebd1 elementor-section-boxed elementor-section-height-default elementor-section-height-default\" data-id=\"a4eebd1\" data-element_type=\"section\" data-e-type=\"section\">\n\t\t\t\t\t\t<div class=\"elementor-container elementor-column-gap-default\">\n\t\t\t\t\t<div class=\"elementor-column elementor-col-100 elementor-top-column elementor-element elementor-element-deb0df4\" data-id=\"deb0df4\" data-element_type=\"column\" data-e-type=\"column\">\n\t\t\t<div class=\"elementor-widget-wrap elementor-element-populated\">\n\t\t\t\t\t\t<div class=\"elementor-element elementor-element-ab56442 elementor-button-info elementor-align-center elementor-widget elementor-widget-button\" data-id=\"ab56442\" data-element_type=\"widget\" data-e-type=\"widget\" data-widget_type=\"button.default\">\n\t\t\t\t<div class=\"elementor-widget-container\">\n\t\t\t\t\t\t\t\t\t<div class=\"elementor-button-wrapper\">\n\t\t\t\t\t<a class=\"elementor-button elementor-button-link elementor-size-sm\" href=\"https:\/\/biotimarrons.org\/wp-content\/uploads\/2026\/04\/plaquettev2-1-treslight.pdf\">\n\t\t\t\t\t\t<span class=\"elementor-button-content-wrapper\">\n\t\t\t\t\t\t<span class=\"elementor-button-icon\">\n\t\t\t\t<i aria-hidden=\"true\" class=\"fab fa-readme\"><\/i>\t\t\t<\/span>\n\t\t\t\t\t\t\t\t\t<span class=\"elementor-button-text\">Ouvrir la plaquette Biotimarrons<\/span>\n\t\t\t\t\t<\/span>\n\t\t\t\t\t<\/a>\n\t\t\t\t<\/div>\n\t\t\t\t\t\t\t\t<\/div>\n\t\t\t\t<\/div>\n\t\t\t\t\t<\/div>\n\t\t<\/div>\n\t\t\t\t\t<\/div>\n\t\t<\/section>\n\t\t\t\t<section class=\"elementor-section elementor-top-section elementor-element elementor-element-6f833db3 elementor-section-boxed elementor-section-height-default elementor-section-height-default\" data-id=\"6f833db3\" data-element_type=\"section\" data-e-type=\"section\">\n\t\t\t\t\t\t<div class=\"elementor-container elementor-column-gap-default\">\n\t\t\t\t\t<div class=\"elementor-column elementor-col-100 elementor-top-column elementor-element elementor-element-53a67c15\" data-id=\"53a67c15\" data-element_type=\"column\" data-e-type=\"column\">\n\t\t\t<div class=\"elementor-widget-wrap elementor-element-populated\">\n\t\t\t\t\t\t<div class=\"elementor-element elementor-element-5c917981 elementor-widget elementor-widget-text-editor\" data-id=\"5c917981\" data-element_type=\"widget\" data-e-type=\"widget\" data-widget_type=\"text-editor.default\">\n\t\t\t\t<div class=\"elementor-widget-container\">\n\t\t\t\t\t\t\t\t\t<p><\/p>\n<p class=\"has-black-color has-text-color\"><span class=\"has-inline-color has-black-color\"><strong>Et concr\u00e8tement comment \u00e7a se passe ? <\/strong>: Chaque lundi une pr\u00e9commande de produits frais est disponible jusqu&rsquo;au mercredi soir. Vous commandez en ligne les produits qui seront livr\u00e9s le <b>vendredi entre 17h et 19h. <\/b>Pour les autres produits disponibles en stock vous avez jusqu&rsquo;au jeudi pour les commander et m\u00eame plus si vous n&rsquo;avez pas eu le temps. Le r\u00e8glement se fait par un compte-r\u00e9serve que vous approvisionnez en fonction de vos commandes. Ce compte-r\u00e9serve a l&rsquo;avantage de ne pas faire circuler d&rsquo;esp\u00e8ces ni de ch\u00e8ques, plus souple pour les adh\u00e9rents et pour celles et ceux qui s&rsquo;occupent de la comptabilit\u00e9. Une facture qui mentionne l&rsquo;\u00e9tat de votre com<\/span>p<span class=\"has-inline-color has-black-color\">te-r\u00e9serve vous est envoy\u00e9e par m\u00e9l en fin de semaine.<\/span><\/p>\n<p><\/p>\n<p><\/p>\n<p class=\"has-black-color has-text-color\">Apr\u00e8s quatre ann\u00e9es pass\u00e9es en utilisant cagette.net, nous sommes entr\u00e9s dans le r\u00e9seau des \u00e9piceries participatives qui utilisent la plateforme <a href=\"https:\/\/monepi.fr\/home?nomurlsite=biotimarrons\" target=\"_blank\" rel=\"noreferrer noopener\"><span style=\"text-decoration: underline;\">Monepi.fr<\/span><\/a> depuis le 15 novembre 2021 <span class=\"has-inline-color has-black-color\"> :<\/span><\/p>\n<p><\/p>\n<p><\/p>\n<div class=\"wp-block-image\" style=\"text-align: center;\">\n<figure class=\"aligncenter size-full\"><a href=\"https:\/\/monepi.fr\/homeMonEpi.php?nomurlsite=biotimarrons\" target=\"_blank\" rel=\"noopener\"><img decoding=\"async\" width=\"200\" height=\"75\" class=\"wp-image-771\" src=\"https:\/\/biotimarrons.org\/wp-content\/uploads\/2021\/11\/logo-monepi-tr-1.png\" alt=\"\" \/><\/a>\n<figcaption>BIOTIMARRONS-GASP<\/figcaption>\n<\/figure>\n<\/div>\n<p><\/p>\n<p><\/p>\n<h3 class=\"wp-block-heading\"><strong>Le coin des tutoriels :<\/strong><\/h3>\n<p><\/p>\n<p><\/p>\n<ul class=\"has-background wp-block-list\" style=\"background-color: #c9de5c;\">\n<li><a href=\"https:\/\/monepi.fr\/adherer.php?idsite=167\" target=\"_blank\" rel=\"noopener\">Nouvelle adh\u00e9sion<\/a><\/li>\n<li><a href=\"https:\/\/biotimarrons.org\/wp-content\/uploads\/2022\/01\/Tuto-readhesion.pdf\" target=\"_blank\" rel=\"noopener\">Comment r\u00e9-adh\u00e9rer<\/a><\/li>\n<li><a href=\"https:\/\/biotimarrons.org\/wp-content\/uploads\/2021\/11\/Initialisation-compte-EPI.pdf\" target=\"_blank\" rel=\"noopener\">Comment renouveler le mot de passe<\/a><\/li>\n<li><a href=\"https:\/\/biotimarrons.org\/wp-content\/uploads\/2021\/11\/Tuto-comment-recharger-son-compte-reserve.pdf\" target=\"_blank\" rel=\"noopener\">Comment recharger son compte-r\u00e9serve<\/a><\/li>\n<li><a href=\"https:\/\/biotimarrons.org\/wp-content\/uploads\/2021\/11\/Recharge-compte-reserve-HA.pdf\" target=\"_blank\" rel=\"noopener\">Comment faire un virement avec Hello Asso pour recharger son compte-r\u00e9serve<\/a><\/li>\n<li><a href=\"https:\/\/biotimarrons.org\/wp-content\/uploads\/2021\/11\/Tuto-passer-commande.pdf\" target=\"_blank\" rel=\"noopener\">Comment commander<\/a><\/li>\n<li><a href=\"http:\/\/wiki.monepi.fr\/doku.php?id=s_inscrire_a_un_creneau_du_planning\" target=\"_blank\" rel=\"noopener\">Comment s&rsquo;inscrire \u00e0 un cr\u00e9neau du planning ?<\/a><\/li>\n<li><a href=\"https:\/\/biotimarrons.org\/wp-content\/uploads\/2022\/03\/Tuto-fournisseur.pdf\" target=\"_blank\" rel=\"noopener\">Tutoriel portail fournisseur<\/a><\/li>\n<li><a href=\"https:\/\/biotimarrons.org\/wp-content\/uploads\/2021\/12\/Tuto-commande-reception-facturation-rapprochement.pdf\" target=\"_blank\" rel=\"noopener\">Tutoriel administrateur : commandes-r\u00e9ception-distribution-rapprochement-reglement<\/a><\/li>\n<li><a href=\"https:\/\/biotimarrons.org\/wp-content\/uploads\/2022\/01\/Tuto-REFERENTS-PRODUITS.pdf\" target=\"_blank\" rel=\"noopener\">Tutoriel R\u00e9f\u00e9rent produits<\/a><\/li>\n<\/ul>\n<p><\/p>\n<p><\/p>\n<p><\/p>\t\t\t\t\t\t\t\t<\/div>\n\t\t\t\t<\/div>\n\t\t\t\t\t<\/div>\n\t\t<\/div>\n\t\t\t\t\t<\/div>\n\t\t<\/section>\n\t\t\t\t<\/div>\n\t\t","protected":false},"excerpt":{"rendered":"<p>Ouvrir la plaquette Biotimarrons Et concr\u00e8tement comment \u00e7a se passe ? : Chaque lundi une pr\u00e9commande de produits frais est disponible jusqu&rsquo;au mercredi soir. Vous commandez en ligne les produits qui seront livr\u00e9s le vendredi entre 17h et 19h. Pour les autres produits disponibles en stock vous avez jusqu&rsquo;au jeudi pour les commander et m\u00eame&hellip; <br \/> <a class=\"read-more\" href=\"https:\/\/biotimarrons.org\/index.php\/fonctionnement\/\">Lire la suite<\/a><\/p>\n","protected":false},"author":3,"featured_media":0,"parent":0,"menu_order":0,"comment_status":"closed","ping_status":"closed","template":"","meta":{"footnotes":""},"class_list":["post-383","page","type-page","status-publish","hentry"],"_links":{"self":[{"href":"https:\/\/biotimarrons.org\/index.php\/wp-json\/wp\/v2\/pages\/383","targetHints":{"allow":["GET"]}}],"collection":[{"href":"https:\/\/biotimarrons.org\/index.php\/wp-json\/wp\/v2\/pages"}],"about":[{"href":"https:\/\/biotimarrons.org\/index.php\/wp-json\/wp\/v2\/types\/page"}],"author":[{"embeddable":true,"href":"https:\/\/biotimarrons.org\/index.php\/wp-json\/wp\/v2\/users\/3"}],"replies":[{"embeddable":true,"href":"https:\/\/biotimarrons.org\/index.php\/wp-json\/wp\/v2\/comments?post=383"}],"version-history":[{"count":90,"href":"https:\/\/biotimarrons.org\/index.php\/wp-json\/wp\/v2\/pages\/383\/revisions"}],"predecessor-version":[{"id":1225,"href":"https:\/\/biotimarrons.org\/index.php\/wp-json\/wp\/v2\/pages\/383\/revisions\/1225"}],"wp:attachment":[{"href":"https:\/\/biotimarrons.org\/index.php\/wp-json\/wp\/v2\/media?parent=383"}],"curies":[{"name":"wp","href":"https:\/\/api.w.org\/{rel}","templated":true}]}}